{"id":474,"date":"2011-11-04T14:31:00","date_gmt":"2011-11-04T18:31:00","guid":{"rendered":"http:\/\/sebaredo.edu.do\/inicio\/?p=474"},"modified":"2023-01-12T10:09:34","modified_gmt":"2023-01-12T14:09:34","slug":"about","status":"publish","type":"page","link":"http:\/\/sebaredo.edu.do\/inicio\/","title":{"rendered":"Identidad"},"content":{"rendered":"<h3><strong>SOMOS<\/strong><\/h3>\n<p>Una instituci\u00f3n de car\u00e1cter educativa al servicio de las Iglesias Bautistas de Rep\u00fablica Dominicana (IBAREDO) y la comunidad cristiana en general. Ofertamos formaci\u00f3n acad\u00e9mica teol\u00f3gica bajo el lema. \u00abMentes renovadas, vidas transformadas\u00bb.<\/p>\n<h3><strong>ACREDITACION<\/strong><\/h3>\n<p>El seminario otorga titulaciones de car\u00e1cter eclesi\u00e1stico y religioso. El seminario es miembro del Instituto Superior de Educaci\u00f3n Teol\u00f3gica (ISEBIT) mediante el cual sostiene un convenio con la Universidad B\u00edblica Latinoamericana (UBL) con su sede en San Jos\u00e9, Costa Rica. El seminario es miembro de la Asociaci\u00f3n Latinoamericana de Instituciones de Educaci\u00f3n Teol\u00f3gica (ALIET).<\/p>\n<h3><strong>OBJETIVOS<\/strong><\/h3>\n<ul>\n<li>Ofertar grados a nivel universitario en las \u00e1reas teol\u00f3gicas y afines para la formaci\u00f3n del cuerpo ministerial y l\u00edderes laicos de las IBAREDO y la comunidad cristiana para servir en el contexto dominicano y caribe\u00f1o.<\/li>\n<li>Fomentar la investigaci\u00f3n del hecho religioso, muy especialmente en la sociedad dominicana, y la comprensi\u00f3n multidisciplinar del mismo.<\/li>\n<li>Fomentar el di\u00e1logo entre la fe cristiana y la cultura, y la reflexi\u00f3n multidisciplinar entre la fe y las diversas \u00e1reas del conocimiento cient\u00edfico.<\/li>\n<li>&nbsp;Fomentar en todas las congregaciones, en di\u00e1logo y coordinaci\u00f3n con las respectivas autoridades, los aspectos de la formaci\u00f3n relacionados con las ciencias religiosas y con la \u00e9tica. Apoyar y estimular la creaci\u00f3n de c\u00e1tedras relativas a las \u00e1reas de teolog\u00eda, Biblia, historia, pastoral y materias afines.<\/li>\n<li>Organizar diplomados, cursos de actualizaci\u00f3n y de extensi\u00f3n teol\u00f3gicos. Promover foros, seminarios y&nbsp;jornadas de inter\u00e9s para las IBAREDO y el pa\u00eds en las \u00e1reas conexas con la teolog\u00eda y disciplinas afines.<\/li>\n<li>Proyectar en el Pa\u00eds la voz del Seminario en las \u00e1reas relacionadas con la especificidad religiosa del Seminario.<\/li>\n<li>Desarrollar la investigaci\u00f3n y publicaciones en su campo espec\u00edfico.<\/li>\n<\/ul>\n<p><strong>ORGANIZACI\u00d3N<\/strong><\/p>\n<p>El SEBAREDO tiene dos \u00f3rganos de gobierno:<\/p>\n<p>El Consejo de Regencia con la responsabilidad de dar las directrices estrat\u00e9gicas y facilitar el sostenimiento; y<\/p>\n<p>El Consejo de Facultad el cual tiene la responsabilidad de gerenciar y desarrollar la vida institucional de la academia.<\/p>\n<p>Prof. Milagros Guerrero, M. A<\/p>\n<p>Presidenta de Consejo de Regencia (2011-2013)<\/p>\n<p>Rev. Lilian Medina, M. Th, M. Ed<\/p>\n<p>Decana (2011-2015)<\/p>\n","protected":false},"excerpt":{"rendered":"<p>SOMOS Una instituci\u00f3n de car\u00e1cter educativa al servicio de las Iglesias Bautistas de Rep\u00fablica Dominicana (IBAREDO) y la comunidad cristiana en general. Ofertamos formaci\u00f3n acad\u00e9mica teol\u00f3gica bajo el lema. \u00abMentes renovadas, vidas transformadas\u00bb. ACREDITACION El seminario otorga titulaciones de car\u00e1cter eclesi\u00e1stico y religioso. El seminario es miembro del Instituto Superior de Educaci\u00f3n Teol\u00f3gica (ISEBIT) mediante &hellip; <a href=\"http:\/\/sebaredo.edu.do\/inicio\/\" class=\"more-link\">Continuar leyendo<span class=\"screen-reader-text\"> \u00abIdentidad\u00bb<\/span><\/a><\/p>\n","protected":false},"author":1,"featured_media":0,"parent":0,"menu_order":0,"comment_status":"closed","ping_status":"closed","template":"","meta":{"footnotes":""},"class_list":["post-474","page","type-page","status-publish","hentry"],"_links":{"self":[{"href":"http:\/\/sebaredo.edu.do\/inicio\/index.php?rest_route=\/wp\/v2\/pages\/474","targetHints":{"allow":["GET"]}}],"collection":[{"href":"http:\/\/sebaredo.edu.do\/inicio\/index.php?rest_route=\/wp\/v2\/pages"}],"about":[{"href":"http:\/\/sebaredo.edu.do\/inicio\/index.php?rest_route=\/wp\/v2\/types\/page"}],"author":[{"embeddable":true,"href":"http:\/\/sebaredo.edu.do\/inicio\/index.php?rest_route=\/wp\/v2\/users\/1"}],"replies":[{"embeddable":true,"href":"http:\/\/sebaredo.edu.do\/inicio\/index.php?rest_route=%2Fwp%2Fv2%2Fcomments&post=474"}],"version-history":[{"count":19,"href":"http:\/\/sebaredo.edu.do\/inicio\/index.php?rest_route=\/wp\/v2\/pages\/474\/revisions"}],"predecessor-version":[{"id":881,"href":"http:\/\/sebaredo.edu.do\/inicio\/index.php?rest_route=\/wp\/v2\/pages\/474\/revisions\/881"}],"wp:attachment":[{"href":"http:\/\/sebaredo.edu.do\/inicio\/index.php?rest_route=%2Fwp%2Fv2%2Fmedia&parent=474"}],"curies":[{"name":"wp","href":"https:\/\/api.w.org\/{rel}","templated":true}]}}